k(16).
-146
Let x(p) = -455*p - 18648. Determine x(-41).
7
Let o(y) = 77*y + 1160. What is o(-15)?
5
Let a(m) = 10*m**3 + 7*m**2 - 2*m - 14. Calculate a(2).
90
Let p(n) = 74*n**2 - 543*n + 600. Give p(6).
6
Let m(g) = -20*g - 229. Calculate m(-10).
-29
Let l(d) = -14*d + 389. Give l(25).
39
Let t(x) = x**3 + 12*x**2 - 35*x - 10. What is t(-14)?
88
Let o(m) = -14*m + 172. Calculate o(11).
18
Let n(y) = -10*y - 5. Calculate n(10).
-105
Let s(x) = -56*x + 1824. What is s(33)?
-24
Let i(v) = v**3 + 12*v**2 - 42*v + 65. Calculate i(-15).
20
Let n(d) = d**2 - 1849*d - 14870. Determine n(-8).
-14
Let p(f) = f**2 - 11*f - 539. What is p(-17)?
-63
Let r(q) = q**3 - 41*q**2 + 34*q + 243. Give r(40).
3
Let o(n) = -n**2 - 25*n + 133. Determine o(-32).
-91
Let h(c) = -20*c**2 + 142*c - 10. Calculate h(7).
4
Let k(q) = -106*q - 73. Determine k(-1).
33
Let p(u) = -676*u**2 + u + 1. Determine p(1).
-674
Let t(p) = -21*p - 1630. Give t(-53).
-517
Let x(r) = -1520*r - 135276. Determine x(-89).
4
Let j(h) = -h**3 + 15*h**2 - 46*h - 12. Give j(5).
8
Let g(s) = 4*s**3 + 26*s**2 + 31*s + 112. Give g(-6).
-2
Let w(a) = -3*a**3 + 16*a**2 - 12*a - 10. Give w(4).
6
Let n(j) = -30*j**3 - 88*j**2 - 8*j - 36. Give n(-3).
6
Let v(l) = 290*l + 10988. Give v(-38).
-32
Let p(t) = -2*t**3 - 72*t**2 - 74*t + 52. Determine p(-35).
192
Let y(j) = j**3 - 30*j**2 - 145*j - 1. Determine y(-6).
-427
Let v(w) = w**2 - 31*w - 396. Give v(-8).
-84
Let d(h) = h**3 + h**2 - 110*h + 27. Calculate d(-11).
27
Let h(p) = -p**2 + 4*p + 17. Determine h(-13).
-204
Let b(t) = -26*t**3 - 1715*t**2 + 66*t - 47. Calculate b(-66).
-47
Let m(b) = 11*b**3 + 725*b**2 + 653*b + 186. Give m(-65).
-9
Let j(i) = i**2 - 12*i - 690. Calculate j(-21).
3
Let r(n) = -2*n**3 + 19*n**2 - 52*n + 5. Determine r(4).
-27
Let f(u) = 2*u**2 + 5*u - 475. Give f(14).
-13
Let f(t) = -t**3 + 13*t**2 - 38*t + 23. Give f(9).
5
Let z(k) = 4*k**3 - 70*k**2 + 29*k - 94. Calculate z(17).
-179
Let i(y) = -3217*y + 115810. What is i(36)?
-2
Let x(s) = s**3 + 28*s**2 + 116*s + 25. What is x(-23)?
2
Let i(w) = -w**3 + 80*w**2 - 144*w + 25250. Give i(82).
-6
Let l(t) = 2439*t - 17078. What is l(7)?
-5
Let o(v) = v**3 + 16*v**2 + 59*v - 30. Determine o(-8).
10
Let p(t) = 122*t**2 - 43*t + 43. What is p(1)?
122
Let o(w) = 63*w - 724. Give o(23).
725
Let m(y) = -30*y - 361. Calculate m(-12).
-1
Let i(x) = x**3 + 14*x**2 + 9*x - 86. Calculate i(-12).
94
Let t(f) = 2*f**2 + 62*f + 509. Give t(-28).
341
Let r(j) = j**3 + 9*j**2 + 19*j + 41. Determine r(-7).
6
Let s(o) = 2*o**3 + 14*o**2 + 2*o - 70. Give s(-6).
-10
Let t(j) = -j**3 + 10*j**2 + 17*j - 191. What is t(10)?
-21
Let c(k) = 27*k + 169. What is c(-6)?
7
Let s(p) = -37*p - 870. Give s(-23).
-19
Let b(o) = o**3 + 33*o**2 - 738*o - 863. Give b(-48).
1
Let v(c) = -36*c**2 - 19*c - 55. Calculate v(-3).
-322
Let v(k) = 94*k**3 - 2*k**2 + 2. Calculate v(1).
94
Let z(x) = x**3 + 112*x**2 + 103*x - 863. Determine z(-111).
25
Let s(v) = v**3 - 13*v**2 - 438*v + 6115. What is s(15)?
-5
Let g(y) = -393*y - 5056. What is g(-12)?
-340
Let x(j) = -j**3 + 91*j**2 - 27*j - 4. What is x(0)?
-4
Let j(n) = 24*n - 1055. What is j(44)?
1
Let y(g) = -g - 13. Determine y(12).
-25
Let o(z) = 27*z**3 - 7*z**2 - 5*z + 7. Give o(1).
22
Let d(s) = -s**3 + 17*s**2 - 44*s - 3. Calculate d(9).
249
Let q(s) = -s**3 + 91*s**2 + 15*s - 1332. Calculate q(91).
33
Let r(y) = 178*y + 2984. Calculate r(-16).
136
Let o(s) = 22*s**3 + 2*s + 2. What is o(-1)?
-22
Let a(g) = -3*g**2 + 191*g + 745. Calculate a(68).
-139
Let r(o) = o**3 - 30*o**2 - 124*o + 1912. Give r(32).
-8
Let m(a) = -a + 142. Determine m(-10).
152
Let q(g) = 24*g**2 - 68*g + 145. Calculate q(2).
105
Let f(r) = -41*r**2 + 856*r + 858. Give f(-1).
-39
Let c(a) = a**3 + 7*a**2 + 18*a + 75. What is c(-6)?
3
Let g(w) = -14*w**3 + 170*w**2 - 35*w + 122. Calculate g(12).
-10
Let g(o) = 5*o**2 - 731*o - 3624. Give g(151).
0
Let j(x) = -585*x - 9945. Give j(-17).
0
Let a(z) = -40*z + 1626. What is a(40)?
26
Let m(t) = -82*t + 656. Give m(8).
0
Let t(l) = l**2 - l - 192. Give t(-13).
-10
Let p(s) = 25*s**2 + 825*s + 25. Calculate p(-33).
25
Let o(k) = -3188*k - 9572. Determine o(-3).
-8
Let j(o) = 98*o + 23472. Determine j(-240).
-48
Let l(a) = a**3 + 10*a**2 - 19*a + 59. Calculate l(-12).
-1
Let a(i) = -i**2 + 1361*i - 20186. Calculate a(15).
4
Let r(m) = 797*m + 7971. Determine r(-10).
1
Let m(c) = -c**2 + 805*c - 1613. What is m(2)?
-7
Let h(p) = 72*p - 447. Calculate h(7).
57
Let v(u) = -2*u**2 + 342*u - 342. Determine v(1).
-2
Let k(v) = -v**2 + 8*v + 9. What is k(7)?
16
Let d(o) = -8*o**3 - 2*o**2 + 2*o - 2. Give d(2).
-70
Let i(v) = -2*v - 17. Give i(-41).
65
Let i(s) = -8*s**2 - 58*s + 47. Give i(-9).
-79
Let o(z) = -z**3 + 26*z**2 - 122*z + 7. Calculate o(7).
84
Let g(j) = -3*j + 24. What is g(3)?
15
Let r(y) = -11*y**2 + 25*y - 117. Calculate r(6).
-363
Let w(o) = o**2 - 193*o + 3611. What is w(21)?
-1
Let a(n) = n**3 - 18*n**2 + 30*n + 8. Give a(16).
-24
Let w(m) = 172*m - 190. Determine w(0).
-190
Let n(x) = -3*x**2 - 17*x - 47. Calculate n(-8).
-103
Let c(a) = 240*a + 487. What is c(-2)?
7
Let h(g) = -2*g**3 - 62*g**2 - 125*g - 239. Determine h(-29).
22
Let w(z) = 2*z**2 - 84*z + 318. Calculate w(39).
84
Let x(k) = -k**3 - 4*k**2 + 496*k + 3339. Calculate x(-7).
14
Let c(t) = -366*t + 10277. What is c(28)?
29
Let t(s) = -71*s**2 + 117*s + 343. Give t(-3).
-647
Let k(g) = -g**2 - 95*g - 1653. Determine k(-34).
421
Let a(z) = z**3 + 218*z**2 - 321*z - 22350. What is a(-219)?
-12
Let l(x) = 5*x**3 + 36*x**2 - 17*x - 51. What is l(-8)?
-171
Let o(y) = y**2 - 40*y + 232. Determine o(7).
1
Let w(a) = -3*a**3 + 30*a**2 - 16*a - 81. Determine w(9).
18
Let i(p) = 7*p**2 - 4*p - 3. Calculate i(-2).
33
Let j(d) = 682*d + 9540. Calculate j(-14).
-8
Let t(j) = -j**3 + 105*j**2 - 103*j - 172. Calculate t(104).
-68
Let o(r) = -r**2 - 80*r - 17. Determine o(0).
-17
Let k(n) = -n**3 - 20*n**2 + 85*n + 159. Calculate k(-23).
-209
Let l(k) = 130*k**3 - 2*k**2 + 2*k + 3. Give l(-1).
-131
Let a(p) = -2*p**2 - 324*p + 1345. Give a(-166).
17
Let x(k) = -k**3 + 104*k**2 + 135*k - 3154. What is x(105)?
-4
Let w(f) = -f**3 + 8*f**2 + 29*f - 143. What is w(8)?
89
Let t(g) = -g**3 + 2*g**2 + 6*g. What is t(3)?
9
Let n(l) = 58*l - 32. Calculate n(0).
-32
Let y(s) = -3*s**3 - 31*s**2 - 46*s - 370. Determine y(-10).
-10
Let d(n) = n**3 - 12*n**2 - 13*n + 22. Calculate d(11).
-242
Let d(m) = -21*m + 413. Give d(12).
161
Let t(w) = 348*w - 1679. Calculate t(5).
61
Let t(m) = -m**3 - 4*m**2 + 59*m + 300. Give t(-5).
30
Let w(v) = 248*v - 5. Calculate w(-1).
-253
Let x(r) = 166*r**2 + 25*r + 25. What is x(-1)?
166
Let r(y) = -492*y - 968. Calculate r(-2).
16
Let k(j) = -j**3 - 30*j**2 + 34*j - 50. Give k(-31).
-143
Let r(a) = -a**2 - 45*a - 491. Calculate r(-23).
15
Let m(c) = 29*c - 95. Calculate m(12).
253
Let k(u) = -4*u**3 + 9*u**2 + 10*u - 78. What is k(3)?
-75
Let b(w) = -17*w - 135. Calculate b(-1).
-118
Let t(c) = 6*c**2 + 84*c - 195. What is t(-16)?
-3
Let g(r) = 17*r - 17. Determine g(-4).
-85
Let s(g) = -266*g - 3190. What is s(-12)?
2
Let x(i) = -20*i**3 + 9*i**2 + 15*i + 4. Give x(-2).
170
Let r(z) = -573*z + 64184. Calculate r(112).
8
Let h(y) = -y**2 - 216*y - 11089. Determine h(-132).
-1
Let f(v) = -6*v**3 + 72*v**2 - 16. Determine f(12).
-16
Let q(v) = v**2 - 21*v + 141. Calculate q(21).
141
Let k(l) = -2*l**3 + 312*l**2 + 3*l - 498. What is k(156)?
-30
Let j(o) = -2*o**3 + 11*o + 25. Calculate j(-3).
46
Let s(z) = -5*z**3 + 4*z**2 - 6*z - 22. Give s(-4).
386
Let p(f) = -f**3 - 10*f**2 + 50*f + 467. Calculate p(-9).
-64
Let w(v) = -v**3 + 2*v**2 - 5*v + 7. Give w(2).
-3
Let y(u) = u**2 + 34. Give y(10).
134
Let q(n) = -4*n**2 + 50*n - 22. What is q(13)?
-48
Let m(u) = u**2 - 167*u + 6251. What is m(110)?
-19
Let i(x) = -x**2 + 10*x - 41. What is i(10)?
-41
Let u(i) = 2*i**3 + 28*i**2 + 28*i + 28. Calculate u(-13).
2
Let i(k) = -k**3 - 42*k**2 + 89*k + 133. What is i(-44)?
89
Let x(a) = -2*a**3 - 130*a**2 - 124*a + 252. Give x(-64).
-4
Let y(o) = o**2 - 49*o - 155. Give y(52).
1
Let r(u) = -26*u**2 + 1219*u + 148. Give r(47).
7
Let b(u) = u**3 + 18*u**2 - 17*u + 56. Calculate b(-19).
18
Let w(h) = -h**2 - 1585*h - 26659. Calculate w(-17).
-3
Let q(t) = -189*t + 2643